6, 5*f + 130 = 4*o. What are the prime factors of o?
2, 3, 5
Let x(p) = -p**3 - 29*p**2 - 65*p + 33. List the prime factors of x(-29).
2, 7, 137
Let f(x) = -x**2 - 4*x. Let l be f(-4). Let b be 10/(-5)*(4 - 117). Suppose l = -o - r + 61, r = -3*o - 49 + b. List the prime factors of o.
2, 29
Let u(c) = 23*c + 1 + 0 - 8*c - 4. Let i be u(5). Suppose -2*g + i = r, g - 3*r - 36 = -0*g. What are the prime factors of g?
2, 3
Let c = -43 + 47. Suppose -c*y + 56 + 12 = 0. What are the prime factors of y?
17
Let s(f) = -21*f - 5. Let r be s(-2). What are the prime factors of (-7)/(7/3) + r?
2, 17
Suppose 5*b + 0*b = 4*r - 49, -5*r - 2*b + 20 = 0. Suppose 3*d = -r - 6. What are the prime factors of (2 - (-52)/(-16))*d?
5
Suppose r - 7*c - 16 = -3*c, 4*r + 8 = -2*c. Let g be 1 - 10*11/2. Let i = r - g. What are the prime factors of i?
2, 3
Let f = -630 - -1227. List the prime factors of f.
3, 199
Let h = 1927 + 661. What are the prime factors of h?
2, 647
Suppose 34*m = 71*m - 20942. List the prime factors of m.
2, 283
Suppose -p + 6*p - 25 = -b, -2*p + b = -3. Suppose 0 = t + 4*t + 20, -3*t = -p*u. List the prime factors of (28/3)/(u/(-9)).
2, 7
Let r(k) = 2*k**2 + 15*k - 22. Suppose 6*j - 5*j + 9 = 0. What are the prime factors of r(j)?
5
Let j = 524 - 280. Let r = j - 151. What are the prime factors of r?
3, 31
Let i(r) = -r**3 + 8*r**2 + 2*r - 8. Let c be i(8). Suppose -13*f + 1040 = -c*f. List the prime factors of f.
2, 13
Suppose -7*p = -p. Suppose -3*k = -p*k - 9. List the prime factors of 73 + (9/k - 6).
2, 5, 7
Suppose 2*t + d - 2 = 5*d, -3*t - 2*d = -3. Suppose -t + 5 = -2*z. What are the prime factors of (z + 16)/(12/18)?
3, 7
Suppose 0 = -25*s + 1474 + 24751. List the prime factors of s.
1049
Suppose -4*c = 2*f - 5450, -70*f + 75*f = -3*c + 4070. What are the prime factors of c?
3, 5, 7, 13
Suppose -67 = -3*g + 2*c, -g + 3*c = -2*g + 37. Let y(q) = 4*q**2 + 5*q + 7. Let z be y(-2). Let p = g - z. What are the prime factors of p?
2, 3
Let t be 12/(-36) + 92/6. Let c = t + -5. What are the prime factors of (-55)/c*(0 + -2)?
11
Let l(s) = s - 3. Let k be l(6). Let b be 6/(-9) - 10/k. List the prime factors of (b/(-6))/((-4)/(-42)).
7
Let b(i) = i**2 - 15*i + 17. Let z be b(14). Suppose 0 = 5*s + z*m + 8, -3*m + 3 = -5*s + 1. Let l(t) = 24*t**2 - 2*t - 1. List the prime factors of l(s).
5
Suppose 3*s - v - 1256 = 0, s - 94 - 334 = -2*v. What are the prime factors of s?
2, 3, 5, 7
Let t = -68 + 58. Let v(j) = -5*j - 31. What are the prime factors of v(t)?
19
Let k(b) = 9*b**2 + b + 1. What are the prime factors of k(9)?
739
Suppose 16 = 2*p - 24. Let i = p - 4. What are the prime factors of (-4)/(-16) + 492/i?
31
Let y(p) = -p**3 + 8*p**2 - 3*p + 6. Let v be y(8). Let d be 94/18 - (-4)/v. Suppose -5*w + n + 115 = 0, 2*w - d*n + 3*n = 38. What are the prime factors of w?
2, 3
What are the prime factors of ((-169)/2)/((-12)/24)?
13
Let k(a) = 113*a**2 + 26*a - 106. What are the prime factors of k(4)?
2, 3, 7, 43
Suppose -3*j = 3*c - 1425, 4*j + c + 1890 = 8*j. What are the prime factors of j?
11, 43
Suppose -2*l - 28 + 6 = -2*k, -42 = -4*k + 3*l. Suppose -5 = -z - k. List the prime factors of z/(-16) - 59/(-4).
3, 5
Let i(c) = 2*c**2 + 40*c + 167. What are the prime factors of i(-23)?
5, 61
Suppose -2*y + 611 = y - 5*t, t + 203 = y. What are the prime factors of y?
2, 101
Suppose -4578 - 14343 = -21*l. List the prime factors of l.
17, 53
Let x = 520 + -209. What are the prime factors of x?
311
List the prime factors of (-2)/(-6) + 61028/66.
5, 37
Let m = -11591 + 17332. List the prime factors of m.
5741
Let z = -1128 - -1148. Suppose -5*q + 4*a + 166 = 42, -4*q = a - 95. Let x = q - z. What are the prime factors of x?
2
Suppose -3*p = 2*k + 27, 2*p = -2*k + 7*k + 77. Let l be (3 - k/(-6))*0. Suppose l = 5*c - c - 124. What are the prime factors of c?
31
Let b be (1 - (1 - 2))*1. Let s be 2 + 5 + -2 + -3. Suppose b*u - s*j = 59 - 19, 0 = -4*u + 3*j + 82. List the prime factors of u.
2, 11
Let a(k) = -153*k - 29. What are the prime factors of a(-2)?
277
Let p(b) be the third derivative of b**5/60 - 11*b**4/12 - b**3/2 - 3*b**2. What are the prime factors of p(23)?
2, 5
Let j be 883/(-5) + (-16)/40. Let q = -105 - j. Suppose 3*l - q = -0*l. List the prime factors of l.
2, 3
Suppose 4*d - 4*m = -0*m + 140, -5*m + 70 = 2*d. List the prime factors of d.
5, 7
Suppose 12*k - 16331 + 6155 = 0. List the prime factors of k.
2, 53
Suppose 3*a - 2 = 4*a. Let c = 59 + a. Let s = -38 + c. List the prime factors of s.
19
Suppose 0 = -3*c - w + 34, 3*c - w - 46 = -5*w. Suppose c*m - 8*m = 52. Let p = m + 4. List the prime factors of p.
2, 3, 5
Let k(o) = 30*o + 1888. List the prime factors of k(0).
2, 59
Let z = 150 + -58. Suppose 5*t = 9*t - z. List the prime factors of t.
23
Let a(i) = i**3 + 5*i**2 + 7*i + 4. Let m be a(-5). Let w = m - -65. What are the prime factors of w?
2, 17
Let p = 7700 + -4686. List the prime factors of p.
2, 11, 137
Let m(r) = 3*r - 1. Let i be m(2). Suppose 0 = g - 0*g, 0 = -x - i*g + 7. What are the prime factors of x?
7
Suppose -z - 3*z + m + 61 = 0, 0 = -2*z - 5*m + 47. Suppose 2*a - 136 + z = 0. What are the prime factors of a?
2, 3, 5
Suppose -c + 301 = -61. Suppose 0 = -11*h + 9*h + c. What are the prime factors of h?
181
Let n = -22 - -24. Suppose -n*g - 247 = -5*g - 2*y, 2*y - 4 = 0. List the prime factors of g.
3
Suppose 2*g + 5*g + 357 = 0. Let v be (-1708)/77 - 2/(-11). Let z = v - g. What are the prime factors of z?
29
Suppose 0*o - 4*s = o - 22, 4*s - 34 = -3*o. Let h be o/(-9)*(-69)/2. Let q = h - -2. List the prime factors of q.
5
Let d be (-12)/30*(-5)/1. Let q be d*3/(-12)*0. Suppose 4*f - y - 60 = q, 2*y + y - 12 = 0. What are the prime factors of f?
2
Suppose 3*o = -2*m + 38, 2*o + 1 = m - o. Suppose -1536 = -m*q + 5*q. What are the prime factors of q?
2, 3
Let a be (-186)/(-8) + (-3)/12. Suppose 5*r - 3*l = -0*r + a, 3*l = r - 7. Suppose -x = 4*m - 3*x - 56, r*m = -2*x + 72. What are the prime factors of m?
2
Let a = -24 + 60. Suppose -2 = i - a. List the prime factors of i/(-119) - 620/(-14).
2, 11
Let r = 18 - 15. Suppose -g = r*g. What are the prime factors of (17 - -3 - -2) + g?
2, 11
Let n(y) = 4*y**3 - 23*y**2 + 2*y - 4. What are the prime factors of n(7)?
3, 5, 17
Let t = 1014 - 531. List the prime factors of t.
3, 7, 23
Let v(s) = -3*s**2 + 4*s + 6. Let f(g) = 4*g**2 - 4*g - 6. Let m(r) = -4*f(r) - 6*v(r). What are the prime factors of m(8)?
2, 13
Suppose -5*w + 5090 = 1825. What are the prime factors of w?
653
Let d(n) = n**3 - 2*n**2 + 5*n + 6. Let l(j) = j**3 + j**2 + 1. Let v(r) = -d(r) + 2*l(r). Let s be v(3). Suppose 0 = 2*i - s - 30. List the prime factors of i.
37
Suppose 12*h - 12 = 10*h. Suppose 5*b + 39 = h*b. List the prime factors of b.
3, 13
Let r(l) = -l**2 + 6*l + 31. Let i be r(10). List the prime factors of ((-159)/i*-2)/((-4)/6).
53
Suppose -3*z + 3546 = 3*n, 4*z - 2*z - 3*n - 2359 = 0. List the prime factors of z.
1181
Let f = 1150 - 642. What are the prime factors of f?
2, 127
Suppose 15*y - 10*y - 425 = 0. Let n = y + -33. What are the prime factors of n?
2, 13
Let g = 2839 + 1171. What are the prime factors of g?
2, 5, 401
List the prime factors of 1 + -3 - 118/(-1).
2, 29
Let a be (-8 - (-2 + -3)) + 6/2. Suppose a = 7*b - 867 - 897. List the prime factors of b.
2, 3, 7
What are the prime factors of (-1314)/(-4)*24/36?
3, 73
Let j(c) = -9*c - 21. Let w be ((-5)/(-2))/(1/(-2)). List the prime factors of j(w).
2, 3
Let b be ((-2)/(-5) + (-2)/5)/2. Suppose 2*f - 3*t - 202 = t, -3*f - 2*t + 287 = b. List the prime factors of f.
97
Let d(z) = -3*z**3 + 8 + z - 8 + 0*z**2 - 4*z**2. List the prime factors of d(-3).
2, 3, 7
Suppose 4*c - 1 = -4*t + 3, 3*c - 9 = -t. Suppose 6 = -c*s + 26. Suppose 0*v = -i + 2*v + 12, -60 = -5*i + s*v. List the prime factors of i.
2, 3
Let p = -614 - -1078. What are the prime factors of p/12*(5 + (-4)/2)?
2, 29
What are the prime factors of -1 + 859 - (-69 - -68)?
859
Let m = -288 - -648. What are the prime factors of m?
2, 3, 5
Let t(z) = -z**3 + 3*z**2 + 9*z + 10. Let o = 72 - 76. List the prime factors of t(o).
2, 43
Suppose -2*d - 5*d = -4788. Suppose 5*z = d - 259. What are the prime factors of z?
5, 17
Suppose s + x + 4*x + 10 = 0, 0 = 2*s + 3*x + 6. Li